hat are the prime factors of 11804?
2, 13, 227
What are the prime factors of 219?
3, 73
What are the prime factors of 94490?
2, 5, 11, 859
List the prime factors of 1306.
2, 653
What are the prime factors of 318?
2, 3, 53
List the prime factors of 41165.
5, 8233
List the prime factors of 84729.
3, 61, 463
List the prime factors of 4777.
17, 281
What are the prime factors of 2537?
43, 59
List the prime factors of 16740.
2, 3, 5, 31
List the prime factors of 10123.
53, 191
List the prime factors of 110.
2, 5, 11
List the prime factors of 3054.
2, 3, 509
What are the prime factors of 135670?
2, 5, 13567
What are the prime factors of 765?
3, 5, 17
List the prime factors of 3437.
7, 491
List the prime factors of 7150.
2, 5, 11, 13
What are the prime factors of 315?
3, 5, 7
What are the prime factors of 1008?
2, 3, 7
What are the prime factors of 4594?
2, 2297
What are the prime factors of 3150?
2, 3, 5, 7
What are the prime factors of 16?
2
What are the prime factors of 949?
13, 73
List the prime factors of 660.
2, 3, 5, 11
List the prime factors of 1723.
1723
What are the prime factors of 527?
17, 31
List the prime factors of 4.
2
List the prime factors of 41482.
2, 7, 2963
List the prime factors of 556.
2, 139
List the prime factors of 24216.
2, 3, 1009
List the prime factors of 386.
2, 193
What are the prime factors of 2592?
2, 3
What are the prime factors of 880?
2, 5, 11
What are the prime factors of 3524?
2, 881
What are the prime factors of 1009?
1009
What are the prime factors of 19974?
2, 3, 3329
What are the prime factors of 23424?
2, 3, 61
List the prime factors of 5107.
5107
List the prime factors of 6623.
37, 179
List the prime factors of 4661.
59, 79
What are the prime factors of 13168?
2, 823
What are the prime factors of 9382?
2, 4691
List the prime factors of 1471.
1471
What are the prime factors of 11739?
3, 7, 13, 43
List the prime factors of 5604.
2, 3, 467
List the prime factors of 6001.
17, 353
List the prime factors of 3525.
3, 5, 47
What are the prime factors of 5847?
3, 1949
What are the prime factors of 37534?
2, 7, 383
List the prime factors of 115494.
2, 3, 19249
What are the prime factors of 45252?
2, 3, 419
List the prime factors of 5169.
3, 1723
List the prime factors of 9183.
3, 3061
What are the prime factors of 825?
3, 5, 11
What are the prime factors of 4722?
2, 3, 787
What are the prime factors of 6488?
2, 811
List the prime factors of 5195.
5, 1039
List the prime factors of 5523.
3, 7, 263
What are the prime factors of 324?
2, 3
What are the prime factors of 75538?
2, 179, 211
List the prime factors of 30708.
2, 3, 853
List the prime factors of 252.
2, 3, 7
What are the prime factors of 900?
2, 3, 5
List the prime factors of 58954.
2, 7, 4211
What are the prime factors of 1486?
2, 743
List the prime factors of 31579.
23, 1373
What are the prime factors of 145964?
2, 7, 13, 401
List the prime factors of 781.
11, 71
What are the prime factors of 9546?
2, 3, 37, 43
What are the prime factors of 282?
2, 3, 47
List the prime factors of 724.
2, 181
What are the prime factors of 73628?
2, 79, 233
List the prime factors of 102094.
2, 51047
List the prime factors of 120737.
120737
List the prime factors of 5895.
3, 5, 131
List the prime factors of 1232.
2, 7, 11
What are the prime factors of 276?
2, 3, 23
List the prime factors of 833.
7, 17
List the prime factors of 30692.
2, 7673
What are the prime factors of 86087?
31, 2777
List the prime factors of 15293.
41, 373
What are the prime factors of 6004?
2, 19, 79
List the prime factors of 4461.
3, 1487
List the prime factors of 9908.
2, 2477
List the prime factors of 5836.
2, 1459
List the prime factors of 19018.
2, 37, 257
List the prime factors of 5310.
2, 3, 5, 59
List the prime factors of 33681.
3, 103, 109
List the prime factors of 1555.
5, 311
What are the prime factors of 1296?
2, 3
What are the prime factors of 9872?
2, 617
List the prime factors of 5245.
5, 1049
What are the prime factors of 1005?
3, 5, 67
What are the prime factors of 6519?
3, 41, 53
List the prime factors of 2833.
2833
What are the prime factors of 5009?
5009
List the prime factors of 13861.
83, 167
What are the prime factors of 559?
13, 43
List the prime factors of 752.
2, 47
What are the prime factors of 38553?
3, 71, 181
List the prime factors of 84016.
2, 59, 89
List the prime factors of 63625.
5, 509
List the prime factors of 133.
7, 19
List the prime factors of 12417.
3, 4139
List the prime factors of 988.
2, 13, 19
List the prime factors of 38944.
2, 1217
List the prime factors of 7982.
2, 13, 307
List the prime factors of 6644.
2, 11, 151
What are the prime factors of 6396?
2, 3, 13, 41
List the prime factors of 29475.
3, 5, 131
What are the prime factors of 10557?
3, 17, 23
What are the prime factors of 4472?
2, 13, 43
List the prime factors of 7136.
2, 223
List the prime factors of 33750.
2, 3, 5
What are the prime factors of 9799?
41, 239
List the prime factors of 715.
5, 11, 13
List the prime factors of 11969.
11969
List the prime factors of 2138.
2, 1069
What are the prime factors of 24295?
5, 43, 113
List the prime factors of 187824.
2, 3, 7, 13, 43
List the prime factors of 78.
2, 3, 13
List the prime factors of 74905.
5, 71, 211
List the prime factors of 176.
2, 11
What are the prime factors of 4558?
2, 43, 53
List the prime factors of 6452.
2, 1613
List the prime factors of 63107.
11, 5737
What are the prime factors of 6970?
2, 5, 17, 41
What are the prime factors of 39276?
2, 3, 1091
List the prime factors of 1326.
2, 3, 13, 17
What are the prime factors of 1019?
1019
List the prime factors of 546.
2, 3, 7, 13
What are the prime factors of 14158?
2, 7079
List the prime factors of 2241.
3, 83
What are the prime factors of 5278?
2, 7, 13, 29
List the prime factors of 15100.
2, 5, 151
List the prime factors of 4424.
2, 7, 79
List the prime factors of 6651.
3, 739
List the prime factors of 40930.
2, 5, 4093
List the prime factors of 7303.
67, 109
List the prime factors of 4483.
4483
List the prime factors of 45662.
2, 17, 79
What are the prime factors of 5126?
2, 11, 233
What are the prime factors of 33492?
2, 3, 2791
What are the prime factors of 57163?
57163
List the prime factors of 91.
7, 13
List the prime factors of 750.
2, 3, 5
List the prime factors of 3885.
3, 5, 7, 37
What are the prime factors of 1523?
1523
What are the prime factors of 15099?
3, 7, 719
What are the prime factors of 676?
2, 13
List the prime factors of 21613.
21613
List the prime factors of 68613.
3, 22871
List the prime factors of 1871.
1871
What are the prime factors of 1832?
2, 229
What are the prime factors of 11449?
107
List the prime factors of 24588.
2, 3, 683
What are the prime factors of 3649?
41, 89
What are the prime factors of 108710?
2, 5, 7, 1553
List the prime factors of 7358.
2, 13, 283
What are the prime factors of 1785?
3, 5, 7, 17
List the prime factors of 4626.
2, 3, 257
What are the prime factors of 295?
5, 59
What are the prime factors of 1509?
3, 503
What are the prime factors of 6810?
2, 3, 5, 227
What are the prime factors of 4449?
3, 1483
What are the prime factors of 18905?
5, 19, 199
What are the prime factors of 22997?
13, 29, 61
List the prime factors of 2185.
5, 19, 23
What are the prime factors of 9453?
3, 23, 137
What are the prime factors of 22765?
5, 29, 157
What are the prime factors of 501?
3, 167
List the prime factors of 2036.
2, 509
What are the prime factors of 11863?
11863
List the prime factors of 829.
829
List the prime factors of 4221.
3, 7, 67
What are the prime factors of 20269?
20269
List the prime factors of 9071.
47, 193
List the prime factors of 9551.
9551
List the prime factors of 1026.
2, 3, 19
List the prime factors of 3944.
2, 17, 29
What are the prime factors of 2526?
2, 3, 421
List the prime factors of 141268.
2, 35317
What are the prime factors of 1157?
13, 89
What are the prime factors of 75678?
2, 3, 12613
List the prime factors of 189.
3, 7
List the prime factors of 15897.
3, 7, 757
What are the prime factors of 25848?
2, 3, 359
List the prime factors of 168.
2, 3, 7
List the prime factors of 36337.
7, 29, 179
What are the prime factors of 98857?
11, 19, 43
List the prime factors of 991.
991
What are the prime factors of 4811?
17, 283
List